 5. Suppose 3*y + 13 = f, x*f - 3*y = 25 - 0. Suppose -f*n + 6 = -42. What is the remainder when 35 is divided by n?
11
Let y be (-60)/25*(-15)/(-2). Let r = -11 - y. Calculate the remainder when r is divided by 5.
2
Let f(c) = -c**3 - 4*c**2 + c - 7. Suppose q - 6 = 2*x, 54 = 5*q + 5*x + 9. Suppose 32 - q = g. Calculate the remainder when g is divided by f(-5).
11
Suppose -g + 105 = 4*g. What is the remainder when g is divided by 12?
9
Let u(g) = g**3 + 7*g**2 + 3. Calculate the remainder when u(-5) is divided by 18.
17
Let y = 43 + 5. What is the remainder when 190 is divided by y?
46
Let y be 3*(-1 + 170/6). Calculate the remainder when y/(-6)*(-3)/1 is divided by (2 + -3 - -2)*14.
13
Let w = 13 + -7. Let p(j) = 2*j + 5. Calculate the remainder when 67 is divided by p(w).
16
Let d = 5 + 1. Let k = 5 + -1. What is the remainder when d is divided by k?
2
Suppose -4*d = 3*y - 91, 5*y - d = -5*d + 141. Calculate the remainder when y is divided by 14.
11
Let i be -3 - -1 - (-8)/1. Let l be (i/(-2))/(27/(-18)). Let m = l + 21. What is the remainder when m is divided by 8?
7
Let q = 47 + -32. Calculate the remainder when 57 is divided by q.
12
Let h = -5 + 20. Let u(a) = -14*a + 1. Calculate the remainder when u(-2) is divided by h.
14
Let k be (-2)/(-11) - (-468)/(-33). Let x = 35 + k. What is the remainder when x is divided by 6?
3
Calculate the remainder when ((-6)/(-12))/(1/10) is divided by 4.
1
Suppose -2 = -4*k - 2*q, -3*q = -5*k + 12 + 7. Suppose -69 = 5*y + k*m - 7, 3*m = 4*y + 45. What is the remainder when (-292)/y - (-1)/(-3) is divided by 13?
11
Suppose 0 = 3*h + 4*x - 76, 2*x = -3*h - 0*h + 80. What is the remainder when 111 is divided by h?
27
Let r(n) = -n + 6. Suppose -3*y + y = 0. Suppose 5 + 39 = 4*d. What is the remainder when d is divided by r(y)?
5
Suppose 4*w - 84 = -4*q - 4, -90 = -5*q + 5*w. Let t = -65 - -70. Calculate the remainder when q is divided by t.
4
Suppose -4 = -5*p + 36. Calculate the remainder when 13 is divided by p.
5
Calculate the remainder when (7 + -1)*77/14 is divided by 9.
6
Let x = -61 + 66. Calculate the remainder when x is divided by 4.
1
Suppose 3*j - 4 = 2. What is the remainder when j is divided by 2?
0
Let r be (5/(-10))/(2/(-44)). Suppose -j - 4*y + 0*y = -16, 2*j + 5*y = 20. Suppose j = -5*v + r - 1. Calculate the remainder when 2 is divided by v.
0
Suppose 3*y - 88 = -5*b, 3*b + 21 = 4*y - 48. What is the remainder when y is divided by 6?
3
Let k be -3 + 26*4/8. Let w = k - -9. What is the remainder when w is divided by 5?
4
Suppose 5*i + 62 = 22. Suppose -28 = -4*b - 4*d, 6 = b - 2*d + 4*d. Let h = b - i. What is the remainder when h is divided by 9?
7
Suppose -17 = -3*o + 10. Let c(v) = -5*v - 6. Calculate the remainder when c(-6) is divided by o.
6
Suppose 2*o - 5*d = -5, 5*o + 0 = 4*d + 13. Suppose 56 = 5*z - 19. Suppose 0*b = 5*b - z. Calculate the remainder when o is divided by b.
2
Let c(d) = 12*d + 1. What is the remainder when 19 is divided by c(1)?
6
Let d = 50 + -28. Let l = d + 5. Calculate the remainder when l is divided by 15.
12
Let u(a) = 3*a**2 + 5*a - 2. Suppose 2*b - 32 = 3*n, -5*b - n - 11 = -57. Suppose 4*m - 46 = b. Calculate the remainder when u(-4) is divided by m.
12
Let q(y) = y + 10. Let p be q(0). Suppose 4*g - p = 42. What is the remainder when (114/(-9))/(2/(-6)) is divided by g?
12
Suppose -2*y = -x - 55, y + x - 27 = 2*x. Calculate the remainder when y is divided by 10.
8
Let y(s) = 2*s**2 + 3*s + 13. Let q(x) = 7*x**2 + 10*x + 38. Let v(w) = 3*q(w) - 8*y(w). Calculate the remainder when v(-5) is divided by 27.
24
Let u(w) = -8*w + 2. Suppose 5*n - 3 + 18 = 0. Let a = 32 - 23. Calculate the remainder when u(n) is divided by a.
8
Suppose -93 + 428 = -5*m. Let j = 271 + m. Suppose 4*s + 0*s = j. What is the remainder when s is divided by 13?
12
Let g = 8 - -34. Let c = -10 + g. Calculate the remainder when 125 is divided by c.
29
Let r be 0/((1*6)/(-2)). Let i = -4 + 7. Suppose i*b + 2*b - 20 = r. Calculate the remainder when 10 is divided by b.
2
Suppose -7*r = -2*r - 915. Calculate the remainder when r is divided by 31.
28
Let b be ((-8)/(-10))/(3/(-45)). Let m(l) = -l**2 - 14*l - 4. Calculate the remainder when 39 is divided by m(b).
19
Let w(p) = -3*p - 4. Suppose 0*a + a = 2. Let b be 6*2/(-8)*a. What is the remainder when w(b) is divided by 3?
2
Let o(f) = -f + 8. Let q be o(6). Suppose -4*s + c + 196 = -q*c, s = 4*c + 36. Suppose -5*b + s = -b. Calculate the remainder when 24 is divided by b.
11
Suppose r - 3*o - 39 = 0, -3*r + r = -2*o - 78. What is the remainder when r is divided by (-3 - -1) + -3 - -25?
19
Suppose 4*o + 2*o = 90. What is the remainder when 22 is divided by o?
7
Let s(a) = 2 - 1 + 23*a**3 + 25*a**3. Let c(d) = -d + 1. Let q be c(0). Calculate the remainder when s(q) is divided by 17.
15
Suppose 11 + 25 = 4*t. Suppose g = -2*o + 3, 0*g - 3*g = 2*o - t. Suppose o*v - 25 = -5*v. Calculate the remainder when 14 is divided by v.
4
Suppose 8 = 4*h - d, 4*d - 8 - 17 = -3*h. Suppose 3*z + 7 = u, -3*u + 0*z - h*z = -9. Let j = -2 - -4. What is the remainder when u is divided by j?
0
Suppose -4*u + u + 18 = 0. Let f be (18/12)/(u/8). What is the remainder when 7 is divided by f + -3 + 3 + 2?
3
Let h(p) = 13*p - 26. Calculate the remainder when h(5) is divided by 14.
11
Let m = 52 + -37. What is the remainder when m is divided by 6?
3
Calculate the remainder when 4578/54 - (-2)/9 is divided by 22.
19
Let k(l) = -l**3 + 7*l**2 - 5*l - 5. Let h be k(6). Let d be 2/(1*(h + -3)). Let i = 9 - d. Calculate the remainder when i is divided by 6.
4
Let h(p) = p**3 + 3*p**2 - 4*p - 2. Let y be h(-3). Let w = 17 - y. What is the remainder when 20 is divided by w?
6
Calculate the remainder when 2/5 + (-5 - (-2154)/15) is divided by 28.
27
Suppose 0 = -6*c + 2*c + 108. Suppose h + z + 3*z = 6, -5*z - 24 = -h. Calculate the remainder when c is divided by h.
13
Suppose -3*t + 6 = -0. What is the remainder when 5 is divided by t?
1
Let u = -257 + 414. Calculate the remainder when u is divided by 41.
34
Suppose -25 = -3*d + 11. Let w be (228/(-9))/(2/d). Let p = 219 + w. Calculate the remainder when p is divided by 23.
21
Suppose 108 + 214 = 2*y. What is the remainder when y is divided by 27?
26
What is the remainder when 27 is divided by 62/6 - 4/(-6)?
5
Suppose 3*p + 2*p = 15. Suppose -156 = -4*d + 4*f, p*d + 3*f - 60 - 57 = 0. Calculate the remainder when d is divided by 14.
11
What is the remainder when 152 is divided by (-2824)/(-72) + (1 - 11/9)?
35
Let b(o) = o**2 - 6*o + 3. Let v be b(6). Suppose -v*d - 2*d + 38 = 3*s, -s + 7 = -4*d. What is the remainder when 20 is divided by s?
9
What is the remainder when 158 is divided by (5 - -1)/(-6) - (1 - 34)?
30
Let b(v) = -v**3 - 2*v**2 + 2*v - 3. Let u be b(-3). Suppose -3*a - 4 + 88 = u. Calculate the remainder when 55 is divided by a.
27
Suppose 3*v - 23 = 127. Calculate the remainder when v is divided by 13.
11
Suppose s + 2*b = 152, 0*s = 3*s + 5*b - 460. What is the remainder when s is divided by 23?
22
What is the remainder when 15 is divided by (17 + 1)*(-3)/(-6)?
6
Suppose -o + 6*o - 80 = 0. Suppose 2*c = -3*w + o, 0 = -w + 2*w + 4*c - 2. What is the remainder when 23 is divided by w?
5
Let t(h) = h**2 - 9*h + 6. Let a be t(9). Let c(d) be the second derivative of d**4/12 - d**3 + 5*d**2/2 - d. What is the remainder when 8 is divided by c(a)?
3
Suppose 0 = -5*i + 2*i + 21. Let k = 12 - i. Suppose 0*n - h = k*n - 233, 52 = n + 2*h. What is the remainder when n is divided by 16?
14
Let o(z) = z**2 - 4*z + 6. Suppose -3*n + 2*n + 4 = 0. Suppose d - 4 - 6 = 0. What is the remainder when d is divided by o(n)?
4
Suppose q - 2 = 1. Let g(a) = a - 3 + 1 + 6. What is the remainder when g(0) is divided by q?
1
What is the remainder when 11 is divided by (-18)/4*(-22)/33?
2
Suppose 0 = -3*u - t + 3, -2*u - 3*u - t = -7. Suppose 0 = -3*x + u*x + 23. Calculate the remainder when x is divided by 2/(-3) + (-38)/(-3).
11
Let p(o) = o**3 + 4*o**2 + 3*o + 3. Let l(v) = -v**2 + 9. What is the remainder when l(0) is divided by p(-3)?
0
Suppose 3 = -2*q - 21. Let n be q/(-3) + 3 + -2. Suppose -u + n*g - 1 = u, 0 = -4*u - 5*g + 43. Calculate the remainder when 27 is divided by u.
6
Let l be (-4 - -4)/((-1)/(-1)). Suppose -